der when k is divided by q?
7
Let b(m) = 3*m**2 - 33*m - 17. Let x(n) = 4*n**2 - 35*n - 17. Let a(v) = 3*b(v) - 2*x(v). Calculate the remainder when a(36) is divided by 40.
35
Let v(k) = 8*k**2 - 128*k - 260. Calculate the remainder when 34 is divided by v(-2).
6
Suppose -4*y + 2*t + 313 = 25, 67 = y + 2*t. Suppose -2*r - 24 = -6*r. What is the remainder when y is divided by r?
5
Let d = -17278 + 17836. What is the remainder when d is divided by 35?
33
Let y = -8 + 32. Suppose 0 = 6*s + 96*n - 99*n - 27, -13 = -4*s + n. Calculate the remainder when y is divided by s.
0
Let g(n) = -6*n**3 + 5*n**2 - 16*n + 292. What is the remainder when g(-12) is divided by 18?
16
Let n be (-140)/(-112)*1/(1/12). What is the remainder when ((-55)/n)/((1 + 4)/(-15)) is divided by (2/(-4))/((-2)/12)?
2
Let t(l) = -630*l - 12492. What is the remainder when t(-57) is divided by 211?
208
Let y = -41 - -46. Suppose -3*v + f - 4*f + 81 = 0, -23 = -v - y*f. Suppose -3*o = -v - 11. What is the remainder when o is divided by 3?
1
Suppose -4*n + 3*v = -20, 3*v - 48 = -5*n + v. Calculate the remainder when 56 is divided by (-1)/n + 4215/120.
21
Let q be (-2 - (-48)/22) + (-4760)/770. Suppose 4*a + 0 = 4. Calculate the remainder when q/(-10) - (a - 1508/20) is divided by 20.
15
Let u(n) = -17*n - 13. Let l be u(-9). Suppose 0 = -5*h - 0*h - l. Calculate the remainder when 50 is divided by (-764)/h - (-4)/(-14).
23
Suppose 3*w - 40 = -5*q, 3 = -w + 8. Suppose -q*y + 460 + 65 = 0. Let m = y - 91. Calculate the remainder when 55 is divided by m.
13
Suppose 3*y - 40 = -4*f, 5*y = -2*f + 4*y + 20. What is the remainder when f/((-22)/(-11)) + 7*1 is divided by 4?
0
Suppose 3*u - 720 = -2*x, -3*x = 2*x - 2*u - 1762. Let l = 369 - x. What is the remainder when 133 is divided by l?
13
Let s be 2/5*(20 + -10). Suppose 2*u - 37 = p + 68, s*u - 195 = 5*p. Let c = -52 + u. What is the remainder when c is divided by 1?
0
Let b(c) be the third derivative of -5*c**4/24 - 2*c**3 - 32*c**2. What is the remainder when b(-15) is divided by ((-2)/(-3))/((-4)/(-78))?
11
Let u(g) = 2*g**2 + g - 32. Let v be u(-8). Suppose -4*i = 4*s - 3*s - v, -4*i + 68 = -4*s. What is the remainder when 167 is divided by i?
20
Let k(f) = f**3 + 82*f**2 - 3222*f - 54. Let v(a) = a**2 + 8*a + 18. Calculate the remainder when k(-111) is divided by v(-9).
9
Let n(p) = p**2 + 9*p - 157. Suppose -5*j + 5*t = 3*t - 118, -48 = -2*j + t. What is the remainder when j is divided by n(-18)?
2
Suppose -2*w + 49 = 3*u, -3*w = 3*u + 2*u - 81. Suppose -5*d - u = -100. What is the remainder when 1 + 15/(-5) + 7 + 59 is divided by d?
13
Suppose 13*r + 17*n - 13*n - 1964 = 0, 5*n = -3*r + 441. What is the remainder when 350 is divided by r?
46
Suppose k = -5*o + 38, -22*o + 3*k + 39 = -20*o. Calculate the remainder when 345/(-12)*(-8)/2 is divided by o.
7
Suppose -2*n - n = 4*j - 0*n - 36, 2*n = 0. What is the remainder when 100 is divided by j?
1
Let n(a) = 61*a - 1417. Calculate the remainder when n(50) is divided by 43.
42
Let l(o) = 3*o**3 + 3*o**2 + 4*o - 2. Let n be l(-7). What is the remainder when 3 - 3 - (-53)/1 is divided by 1/(-8) + n/(-128)?
4
Let r = -3731 + 3797. Calculate the remainder when r is divided by 5.
1
Let j(h) = -56*h - 8. Let m be j(-3). Let x be (0 - m/28) + (-4)/14. What is the remainder when x + 6 - (-1 + 1 - 37) is divided by 5?
2
Let w = 2867 + -2629. Calculate the remainder when w is divided by 8.
6
Suppose -485 = 32*d - 5. Calculate the remainder when 54 is divided by (-21*10/d)/1.
12
Let j = -3090 - -3860. Calculate the remainder when 2318 is divided by j.
8
Let y = 5961 + -5470. What is the remainder when y is divided by 178?
135
Calculate the remainder when 731 is divided by (-15)/(-12) + (-2055)/(-20) - 1.
10
What is the remainder when ((-638)/(-12))/(364/4368) is divided by 52?
14
Let a = 34 + -34. Suppose f + a*f = 3. Suppose 4*l = 3*x + 109, -2*x - 3*x = -f*l + 90. Calculate the remainder when 49 is divided by l.
24
Let y(m) = m. Let w(j) = -11*j - 11. Let b(n) = -w(n) - 5*y(n). Calculate the remainder when (-410 - 4)*(-4 + 2)/6 is divided by b(4).
33
Suppose -7*t + 20 = -9*t. What is the remainder when ((-22)/7)/(t/140) is divided by 5?
4
Suppose 0 = -3*z + i + 894, 8*z + i = 3*z + 1498. What is the remainder when z is divided by 4?
3
Suppose -4 = 2*z, -12*h + 30*z = 33*z - 462. Calculate the remainder when 3312 is divided by h.
36
Suppose 4*f - 4*q + 1 + 3 = 0, 1 = -4*f + q. Suppose -3*l - 1 + 13 = f. Suppose l*g - 74 = -14. Calculate the remainder when 104 is divided by g.
14
Let d = 12 + 339. Let h = -252 + d. Let t(w) = 33*w**3 + w**2 + w - 1. Calculate the remainder when h is divided by t(1).
31
Let a(f) = -f**2 + 3*f + 1. Let h be a(1). Suppose 4*y - 2*o = 102, h*y + 2*o = -2*o + 93. What is the remainder when y is divided by 8/36 + (-133)/(-9)?
12
Let m = 16 + 13. Let o be 4 + -7 + 4 + 189. Let k = o + -107. Calculate the remainder when k is divided by m.
25
Let i(y) = 42*y + 1417. Calculate the remainder when i(-28) is divided by 201.
40
Let k(c) = -2*c**3 + 2*c - 1. Let g = 995 + -941. What is the remainder when g is divided by k(-2)?
10
Let j(i) = i**3 + 13*i**2 - 13*i + 19. Let u be 576/(-40) - (-4)/10. What is the remainder when (-16 + 0)/(-2) - 0 is divided by j(u)?
3
Let w = -2110 + 2293. Calculate the remainder when w is divided by 71.
41
Let o(n) = 7*n**2 - 14*n - 32. Let b be o(-7). Let j = b - 381. What is the remainder when 165 is divided by j?
25
Let r = 4760 + -4680. What is the remainder when 632 is divided by r?
72
Let n = -473 + 473. Suppose 0 = -3*z + 2*k + 976, n = -k + 1. Calculate the remainder when z is divided by 107.
5
Suppose -3*n = -3*d + 231, -169 = 2*n + 2*d - 7*d. Calculate the remainder when 99 is divided by 0 + -1 + (-46 - n).
24
Suppose -27*l = -18*l + 1476. Let j = 290 + l. Calculate the remainder when j is divided by 32.
30
Suppose 76*m - 71*m = -3*o + 1601, -o - 3*m + 527 = 0. Suppose 2*d = -0*d + 5*w + 79, 5*d = w + 209. What is the remainder when o is divided by d?
38
Let q = 79 - 77. Let l be (3/2)/(9/42). Suppose -5*y = -l*c + 2*c + 45, 0 = -3*c - 3*y + 9. What is the remainder when c is divided by q?
0
Let g = -23189 + 23499. Calculate the remainder when g is divided by 128.
54
Let l = 31 - 4. Let s = -405 + 407. Let o(x) = x**2 - x + 4. What is the remainder when l is divided by o(s)?
3
Let w(m) = 69*m + 9148. Let c(x) = 3*x + 3. What is the remainder when w(-132) is divided by c(3)?
4
Let s be (-2 + 1 - 763) + 15 + -11. Calculate the remainder when 87 is divided by 6/21 + s/(-35).
21
Let b = 140 - 43. Let v(a) = 4*a**2 - 3*a - 11. Let q(g) = -5*g**2 + 5*g + 11. Let x(m) = -3*q(m) - 4*v(m). Calculate the remainder when b is divided by x(0).
9
Let d(v) = -10*v**3 + 281*v**2 - 29*v + 44. What is the remainder when 62 is divided by d(28)?
14
Suppose 2*p = 2*d - 102, 159 = 4*d - 3*p - 44. Calculate the remainder when 1799 is divided by d.
49
Let h(m) = m**3 + 28*m**2 + 39*m - 33. What is the remainder when h(-23) is divided by 33?
32
Calculate the remainder when 419 is divided by 119/(-34)*(-26 + -4).
104
Let w(z) = z**3 + 4*z**2 + 2*z + 1. Suppose 0 = -p - 5 + 2. Suppose k - 56 = -3*m, 17*m - 54*k = -50*k + 211. Calculate the remainder when m is divided by w(p).
3
Let s = -37601 - -37622. What is the remainder when 4275 is divided by s?
12
Let v = 166 + -164. Calculate the remainder when 12 is divided by (324/(-135))/(v*(-6)/40).
4
Suppose 8*a = 178 + 126. Suppose 0 = a*k - 2041 + 141. What is the remainder when k is divided by 29?
21
Suppose 0 = -0*b - 4*b + 36. Let k be ((-5)/(75/(-20)))/((-2)/b). What is the remainder when 27 is divided by (-12)/(-3)*k/(-3)?
3
Let p be (6/(-10))/((-3)/45). Suppose 4*z = -3 - p. What is the remainder when 0 + 29 + (0 - z) is divided by 18?
14
Let c(a) = -6*a. Let y = 8 + -9. Suppose -2 = f + 5*z, 215*z - 213*z = -4. Calculate the remainder when f is divided by c(y).
2
Suppose -15 = 1600*r - 1605*r. Suppose -i - 5*g + 41 = -8*g, 2*i - r*g = 67. Calculate the remainder when 129 is divided by i.
25
Suppose -231 + 87 = 2*x + 2*q, -4*x + 2*q = 270. Let a = x + 112. Calculate the remainder when 299 is divided by a.
41
Let b = -55 - -127. Let i(n) be the third derivative of n**6/120 - n**5/10 - n**4/8 - 13*n**3/